{"id":911,"date":"2023-12-18T15:26:37","date_gmt":"2023-12-18T21:26:37","guid":{"rendered":"https:\/\/mobleofi.com\/?post_type=product&#038;p=911"},"modified":"2025-12-29T00:25:15","modified_gmt":"2025-12-29T06:25:15","slug":"id-c003-escritorio-ejecutivo-en-forma-de-u-con-cajones-y-librero-para-casa-u-oficina","status":"publish","type":"product","link":"https:\/\/mobleofi.com\/index.php\/producto\/id-c003-escritorio-ejecutivo-en-forma-de-u-con-cajones-y-librero-para-casa-u-oficina\/","title":{"rendered":"Escritorio ejecutivo, en forma de U, con cajones y librero, para casa u oficina, ID: C003"},"content":{"rendered":"<p>Este modelo est\u00e1 pensado para espacios medianos a peque\u00f1o porque queremos satisfacer la necesidad de muchas oficinas de la Ciudad de M\u00e9xico y para edificios donde hay que optimizar al 100% los espacios.<\/p>\n<p>Puede pedirlo en la posici\u00f3n inversa o tipo espejo para mayor eficiencia en la utilidad de los espacios a ocupar.<\/p>\n<p>Puede elegir entre mas de 20 colores diferentes, combinado en 2 colores o todo en un solo color.<\/p>\n","protected":false},"excerpt":{"rendered":"<p>Modelo: C003<\/p>\n<p>Medidas: 1.40 x 2.20 x 1.40 Mts, Altura: 74.5 Cmts.<\/p>\n<p>Soporte: \u00a0190 Kgms.<\/p>\n","protected":false},"featured_media":1167,"template":"","meta":[],"product_brand":[],"product_cat":[33,31,39,40],"product_tag":[],"class_list":{"0":"post-911","1":"product","2":"type-product","3":"status-publish","4":"has-post-thumbnail","6":"product_cat-ejecutivos","7":"product_cat-escritorios","8":"product_cat-home-office","9":"product_cat-para-casa","11":"first","12":"instock","13":"taxable","14":"shipping-taxable","15":"purchasable","16":"product-type-simple"},"_links":{"self":[{"href":"https:\/\/mobleofi.com\/index.php\/wp-json\/wp\/v2\/product\/911","targetHints":{"allow":["GET"]}}],"collection":[{"href":"https:\/\/mobleofi.com\/index.php\/wp-json\/wp\/v2\/product"}],"about":[{"href":"https:\/\/mobleofi.com\/index.php\/wp-json\/wp\/v2\/types\/product"}],"wp:featuredmedia":[{"embeddable":true,"href":"https:\/\/mobleofi.com\/index.php\/wp-json\/wp\/v2\/media\/1167"}],"wp:attachment":[{"href":"https:\/\/mobleofi.com\/index.php\/wp-json\/wp\/v2\/media?parent=911"}],"wp:term":[{"taxonomy":"product_brand","embeddable":true,"href":"https:\/\/mobleofi.com\/index.php\/wp-json\/wp\/v2\/product_brand?post=911"},{"taxonomy":"product_cat","embeddable":true,"href":"https:\/\/mobleofi.com\/index.php\/wp-json\/wp\/v2\/product_cat?post=911"},{"taxonomy":"product_tag","embeddable":true,"href":"https:\/\/mobleofi.com\/index.php\/wp-json\/wp\/v2\/product_tag?post=911"}],"curies":[{"name":"wp","href":"https:\/\/api.w.org\/{rel}","templated":true}]}}

<p>Este modelo está pensado para espacios medianos a pequeño porque queremos satisfacer la necesidad de muchas oficinas de la Ciudad de México y para edificios donde hay que optimizar al 100% los espacios.</p>
<p>Puede pedirlo en la posición inversa o tipo espejo para mayor eficiencia en la utilidad de los espacios a ocupar.</p>
<p>Puede elegir entre mas de 20 colores diferentes, combinado en 2 colores o todo en un solo color.</p>
