{"id":914,"date":"2023-12-18T15:35:21","date_gmt":"2023-12-18T21:35:21","guid":{"rendered":"https:\/\/mobleofi.com\/?post_type=product&#038;p=914"},"modified":"2025-12-28T20:43:29","modified_gmt":"2025-12-29T02:43:29","slug":"id-l024-c-2-escritorio-ejecutivo-moderno-minimalista-con-cajones-multifucional","status":"publish","type":"product","link":"https:\/\/mobleofi.com\/index.php\/producto\/id-l024-c-2-escritorio-ejecutivo-moderno-minimalista-con-cajones-multifucional\/","title":{"rendered":"Escritorio ejecutivo moderno minimalista, con cajones, multifucional, ID: L024-C-2"},"content":{"rendered":"<p>Este dise\u00f1o moderno y est\u00e9ticamente confortable est\u00e1 pensado para espacios de trabajo peque\u00f1os pero que quieren un look moderno y minimalista.<\/p>\n<p>El material en el que est\u00e1 elaborado es MDF con melamina de alta resistencia y la cubierta principal es compatible con el mouse inal\u00e1mbrico, por lo que ya no requiere comprar el pad.<\/p>\n","protected":false},"excerpt":{"rendered":"<p>Modelo: L024-C-2<\/p>\n<p>Medidas: 1.40 x 1.20 Mts, Altura: 74.5 Cmts.<\/p>\n<p>Soporte: \u00a0270 Kgms.<\/p>\n","protected":false},"featured_media":1163,"template":"","meta":[],"product_brand":[],"product_cat":[33,31,39,41,35,40],"product_tag":[],"class_list":{"0":"post-914","1":"product","2":"type-product","3":"status-publish","4":"has-post-thumbnail","6":"product_cat-ejecutivos","7":"product_cat-escritorios","8":"product_cat-home-office","9":"product_cat-minimalistas","10":"product_cat-modernos","11":"product_cat-para-casa","13":"first","14":"instock","15":"taxable","16":"shipping-taxable","17":"purchasable","18":"product-type-simple"},"_links":{"self":[{"href":"https:\/\/mobleofi.com\/index.php\/wp-json\/wp\/v2\/product\/914","targetHints":{"allow":["GET"]}}],"collection":[{"href":"https:\/\/mobleofi.com\/index.php\/wp-json\/wp\/v2\/product"}],"about":[{"href":"https:\/\/mobleofi.com\/index.php\/wp-json\/wp\/v2\/types\/product"}],"wp:featuredmedia":[{"embeddable":true,"href":"https:\/\/mobleofi.com\/index.php\/wp-json\/wp\/v2\/media\/1163"}],"wp:attachment":[{"href":"https:\/\/mobleofi.com\/index.php\/wp-json\/wp\/v2\/media?parent=914"}],"wp:term":[{"taxonomy":"product_brand","embeddable":true,"href":"https:\/\/mobleofi.com\/index.php\/wp-json\/wp\/v2\/product_brand?post=914"},{"taxonomy":"product_cat","embeddable":true,"href":"https:\/\/mobleofi.com\/index.php\/wp-json\/wp\/v2\/product_cat?post=914"},{"taxonomy":"product_tag","embeddable":true,"href":"https:\/\/mobleofi.com\/index.php\/wp-json\/wp\/v2\/product_tag?post=914"}],"curies":[{"name":"wp","href":"https:\/\/api.w.org\/{rel}","templated":true}]}}