{"id":920,"date":"2023-12-18T15:50:29","date_gmt":"2023-12-18T21:50:29","guid":{"rendered":"https:\/\/mobleofi.com\/?post_type=product&#038;p=920"},"modified":"2025-12-29T00:34:26","modified_gmt":"2025-12-29T06:34:26","slug":"id-c003-b-escritorio-ejecutivo-en-forma-de-u-con-cajones-y-librero-para-casa-u-oficina","status":"publish","type":"product","link":"https:\/\/mobleofi.com\/index.php\/producto\/id-c003-b-escritorio-ejecutivo-en-forma-de-u-con-cajones-y-librero-para-casa-u-oficina\/","title":{"rendered":"Escritorio ejecutivo, en forma de U, con cajones y credenza, para casa u oficina, ID: C003-B"},"content":{"rendered":"<p>Este escritorio ejecutivo est\u00e1 pensado para usarse en casa o la oficina, dise\u00f1ado para optimizar al m\u00e1ximo espacios peque\u00f1os o medianos porque cuenta con una cajonera tama\u00f1o oficio, cajones papeleros y una credenza con 3 puertas para guardar carpetas tama\u00f1o carta.<\/p>\n<p>Es un modelo de escritorio estilo cl\u00e1sico pero con su amplia superficie le permitir\u00e1 trabajar c\u00f3modamente con m\u00faltiples dispositivos y documentos.<\/p>\n","protected":false},"excerpt":{"rendered":"<p>Modelo: C003-B<\/p>\n<p>Medidas:\u00a0 1.40 x 2.20 x 1.40 Mts, Altura: 74.5 Cmts.<\/p>\n<p>Soporte: \u00a0270 Kgms.<\/p>\n","protected":false},"featured_media":1170,"template":"","meta":[],"product_brand":[],"product_cat":[33,31,39,40],"product_tag":[],"class_list":{"0":"post-920","1":"product","2":"type-product","3":"status-publish","4":"has-post-thumbnail","6":"product_cat-ejecutivos","7":"product_cat-escritorios","8":"product_cat-home-office","9":"product_cat-para-casa","11":"first","12":"instock","13":"taxable","14":"shipping-taxable","15":"purchasable","16":"product-type-simple"},"_links":{"self":[{"href":"https:\/\/mobleofi.com\/index.php\/wp-json\/wp\/v2\/product\/920","targetHints":{"allow":["GET"]}}],"collection":[{"href":"https:\/\/mobleofi.com\/index.php\/wp-json\/wp\/v2\/product"}],"about":[{"href":"https:\/\/mobleofi.com\/index.php\/wp-json\/wp\/v2\/types\/product"}],"wp:featuredmedia":[{"embeddable":true,"href":"https:\/\/mobleofi.com\/index.php\/wp-json\/wp\/v2\/media\/1170"}],"wp:attachment":[{"href":"https:\/\/mobleofi.com\/index.php\/wp-json\/wp\/v2\/media?parent=920"}],"wp:term":[{"taxonomy":"product_brand","embeddable":true,"href":"https:\/\/mobleofi.com\/index.php\/wp-json\/wp\/v2\/product_brand?post=920"},{"taxonomy":"product_cat","embeddable":true,"href":"https:\/\/mobleofi.com\/index.php\/wp-json\/wp\/v2\/product_cat?post=920"},{"taxonomy":"product_tag","embeddable":true,"href":"https:\/\/mobleofi.com\/index.php\/wp-json\/wp\/v2\/product_tag?post=920"}],"curies":[{"name":"wp","href":"https:\/\/api.w.org\/{rel}","templated":true}]}}

<p>Este escritorio ejecutivo está pensado para usarse en casa o la oficina, diseñado para optimizar al máximo espacios pequeños o medianos porque cuenta con una cajonera tamaño oficio, cajones papeleros y una credenza con 3 puertas para guardar carpetas tamaño carta.</p>
<p>Es un modelo de escritorio estilo clásico pero con su amplia superficie le permitirá trabajar cómodamente con múltiples dispositivos y documentos.</p>
