{"id":996,"date":"2023-12-18T20:09:58","date_gmt":"2023-12-19T02:09:58","guid":{"rendered":"https:\/\/mobleofi.com\/?post_type=product&#038;p=996"},"modified":"2024-08-29T15:46:34","modified_gmt":"2024-08-29T21:46:34","slug":"id-mj014-mesa-de-juntas-rectangular-soporta-mucho-peso","status":"publish","type":"product","link":"https:\/\/mobleofi.com\/index.php\/producto\/id-mj014-mesa-de-juntas-rectangular-soporta-mucho-peso\/","title":{"rendered":"ID: MJ014, Mesa de juntas rectangular, soporta mucho peso"},"content":{"rendered":"<p>\u00a1Transforma tu espacio de trabajo con elegancia y funcionalidad incomparables!<\/p>\n<p>&nbsp;<\/p>\n<p>En MOBLEOFI, entendemos la importancia de un entorno de oficina bien dise\u00f1ado para potenciar la productividad y el bienestar de tu equipo. Es por eso que te presentamos nuestra exclusiva colecci\u00f3n de muebles para oficinas, una fusi\u00f3n perfecta entre estilo contempor\u00e1neo y funcionalidad excepcional.<\/p>\n<p>&nbsp;<\/p>\n<p>1.- <strong>Dise\u00f1o Vanguardista<\/strong>: Nuestro mobiliario para oficinas no solo son piezas utilitarias, sino obras maestras de dise\u00f1o que elevar\u00e1n la est\u00e9tica de tu oficina. Desde l\u00edneas limpias hasta detalles meticulosos, cada pieza ha sido creada para reflejar la modernidad y la elegancia.<\/p>\n<p>&nbsp;<\/p>\n<p>2.- <strong>Ergonom\u00eda sin Compromisos<\/strong>: Sabemos que el confort es clave para un rendimiento \u00f3ptimo. Cada silla, escritorio, archivero, librero, mesa de juntas, estaci\u00f3n de trabajo, recepci\u00f3n, exhibidor corporativo y accesorios en nuestra colecci\u00f3n ha sido dise\u00f1ado pensando en la ergonom\u00eda, funcionalidad y econom\u00eda, garantizando un apoyo adecuado para largas horas de trabajo y reuniones.<\/p>\n<p>&nbsp;<\/p>\n<p>3.- <strong>Durabilidad y Calidad<\/strong>: En MOBLEOFI, nos enorgullece ofrecer muebles de oficina que resisten el paso del tiempo. Utilizamos materiales de primera calidad para asegurar la durabilidad y la resistencia, proporcion\u00e1ndote no solo muebles, sino inversiones a largo plazo.<\/p>\n<p>&nbsp;<\/p>\n<p>4.- <strong>Personalizaci\u00f3n Total<\/strong>: Reconocemos que cada espacio de oficina es \u00fanico. Por eso, aunque ya contamos con un extenso cat\u00e1logo de muebles de oficina est\u00e1ndar, muchos de nuestros productos son totalmente personalizables. Desde la selecci\u00f3n de telas, m\u00e1rmoles, maderas, acero, melaminas y colores hasta la adaptaci\u00f3n de dimensiones, te ofrecemos la libertad de crear un ambiente que se adapte perfectamente a tus necesidades y gustos.<\/p>\n<p>&nbsp;<\/p>\n<p>5.- <strong>Servicio al Cliente Excepcional<\/strong>: Nuestro compromiso no se limita a la venta. Nos enorgullece ofrecer un servicio al cliente excepcional, asegur\u00e1ndonos de que cada cliente est\u00e9 completamente satisfecho con su elecci\u00f3n. Estamos aqu\u00ed para ayudarte antes, durante y despu\u00e9s de tu compra.<\/p>\n<p>&nbsp;<\/p>\n<p>6.- <strong>Precios de Mayoreo<\/strong>: Manejamos 2 cat\u00e1logos de muebles de oficinas. Un cat\u00e1logo para mayoristas (que compran m\u00e1s de 3 modelos iguales) y otro para el p\u00fablico en general. Los precios que aparecen en esta tienda son para el p\u00fablico en general que generalmente compra 1 o varios de diferentes modelos.<\/p>\n<p>&nbsp;<\/p>\n<p>Transforma tu oficina en un espacio que refleje tu visi\u00f3n y fomente la eficiencia. Descubre la diferencia con MOBLEOFI y experimenta un nuevo est\u00e1ndar en mobiliario para oficinas.<\/p>\n<p>&nbsp;<\/p>\n<p>\u00a1Haz de cada d\u00eda laboral una experiencia \u00fanica con nuestros muebles de alta calidad Premium (Gama Alta)! \u2026 Solicita tu cat\u00e1logo!!!<\/p>\n","protected":false},"excerpt":{"rendered":"<p>Modelo: MJ014<\/p>\n<p>Medidas:\u00a0 \u00a02.40 x 1.20 Mts.<\/p>\n<p>Material: MDF con melamina de alta resistencia, por lo que ya no requiere mantenimiento peri\u00f3dico, no generan termitas, es resistente a hongos y par\u00e1sitos, resistente a la decoloraci\u00f3n con el paso del tiempo y sobre todo tiene acabados uniformes y elegantes, lo cual genera un ambiente de limpieza, orden y uniformidad en su oficina. Se limpian muy f\u00e1cilmente con un trapo seco o h\u00famedo.<\/p>\n<p>La cubierta principal es compatible con el lector del Mouse inal\u00e1mbrico, por lo que ya no ser\u00e1 necesario comprar la almohadilla o tapete. Puede colocar su caf\u00e9, vaso con agua, flores o diferentes adornos. Adem\u00e1s todos nuestros muebles cuentan con garant\u00eda.<\/p>\n<p>Soporte: 270 Kgms.<\/p>\n","protected":false},"featured_media":1101,"template":"","meta":[],"product_brand":[],"product_cat":[58,53],"product_tag":[],"class_list":{"0":"post-996","1":"product","2":"type-product","3":"status-publish","4":"has-post-thumbnail","6":"product_cat-mesa-rectangular","7":"product_cat-mesas-de-juntas","9":"first","10":"instock","11":"taxable","12":"shipping-taxable","13":"purchasable","14":"product-type-simple"},"_links":{"self":[{"href":"https:\/\/mobleofi.com\/index.php\/wp-json\/wp\/v2\/product\/996","targetHints":{"allow":["GET"]}}],"collection":[{"href":"https:\/\/mobleofi.com\/index.php\/wp-json\/wp\/v2\/product"}],"about":[{"href":"https:\/\/mobleofi.com\/index.php\/wp-json\/wp\/v2\/types\/product"}],"wp:featuredmedia":[{"embeddable":true,"href":"https:\/\/mobleofi.com\/index.php\/wp-json\/wp\/v2\/media\/1101"}],"wp:attachment":[{"href":"https:\/\/mobleofi.com\/index.php\/wp-json\/wp\/v2\/media?parent=996"}],"wp:term":[{"taxonomy":"product_brand","embeddable":true,"href":"https:\/\/mobleofi.com\/index.php\/wp-json\/wp\/v2\/product_brand?post=996"},{"taxonomy":"product_cat","embeddable":true,"href":"https:\/\/mobleofi.com\/index.php\/wp-json\/wp\/v2\/product_cat?post=996"},{"taxonomy":"product_tag","embeddable":true,"href":"https:\/\/mobleofi.com\/index.php\/wp-json\/wp\/v2\/product_tag?post=996"}],"curies":[{"name":"wp","href":"https:\/\/api.w.org\/{rel}","templated":true}]}}